= 0. What is the units digit of x?
3
Suppose 0*h + 80 = 4*h. What is the tens digit of h?
2
Suppose -2*i - 3*i = -500. What is the tens digit of i?
0
Let c be 0/1*(0 + 1). Let g(a) = -3*a - 6 + 4*a + c. What is the units digit of g(7)?
1
Let d = 239 + -168. What is the tens digit of d?
7
Let l = 6 - 14. Let c(h) = h**2 + 7*h - 4. Let w be c(l). Suppose -5*g = -0*m - 3*m - 6, w*g - 21 = -3*m. What is the units digit of m?
3
What is the tens digit of -15*(3 - 4) + 0?
1
Let n be -2 + 5 - (-1 + 2). What is the units digit of 15/10 + 21/n?
2
Suppose 0 = -z + 5, 4*w + 2*z - 555 = -w. What is the tens digit of w?
0
Suppose 0 = 4*g + 5 + 7. What is the units digit of (10/4)/(g/(-6))?
5
Suppose -5*d + 129 = 29. What is the tens digit of d?
2
Let d(n) = 58*n. Let o be d(-2). What is the tens digit of ((-2)/8)/(1/o)?
2
Let k = -35 + 19. Suppose -t + 0*n = 3*n - 28, -4*t + n = -112. Let g = t + k. What is the units digit of g?
2
Suppose 5*j = 74 + 11. What is the units digit of j?
7
Let m(y) = 12*y**3 - y + 1. Let d be m(1). Suppose 0*z - 8 = z. Let l = z + d. What is the units digit of l?
4
Suppose -19 = -4*u + 173. Suppose -q + 5*q = u. What is the tens digit of q?
1
Let c(o) = -2*o**3 - 5*o**2 - 4*o + 1. Let q be c(-3). Let a = 29 - q. What is the units digit of a?
7
Suppose 3*q = 2*q + 4*c + 42, q - c = 27. What is the units digit of q?
2
Let g be (2 - -3) + 0/(-2). Suppose 2*f + g*z + 23 = 3*f, f - z = 7. What is the units digit of f?
3
Suppose 0 = 2*q + 2*q. Let u(h) = h**3 + h**2 + h + 14. What is the units digit of u(q)?
4
Let b(y) = -y**2 - 11*y - 15. Let c be b(-12). What is the tens digit of (-1)/(3/(2*c))?
1
Let l be -2*(2 + -2 - 1). Suppose l + 6 = 4*u. What is the units digit of u?
2
What is the tens digit of (2928/(-9))/(-2) + 2/(-3)?
6
Let u(b) = b**2 + 4*b + 1. Let f be u(-2). Let t(d) = -d. Let q be t(f). What is the units digit of ((-2)/6)/(q/(-9))?
1
Let l(n) = -n**3 - 9*n**2 - n - 6. Let k be (-3)/(-5) + (-240)/25. Let d be l(k). Let r = d + 19. What is the units digit of r?
2
Let p(h) = 11*h**3 - 32*h**2 + 21*h + 22. Let v(z) = 4*z**3 - 11*z**2 + 7*z + 7. Let u(o) = 3*p(o) - 8*v(o). What is the units digit of u(7)?
0
Suppose 2*o + 4 = 3*o. Let j(b) = 2*b**2 - 4*b + 4. What is the units digit of j(o)?
0
Let y(v) = v + 4. Let a be y(-4). Suppose a*u = 2*u - 22. What is the tens digit of u?
1
Suppose 5*p + 2*d + 42 = 6*d, -3 = -2*p - 5*d. Let y(z) = -z**2 - 8*z - 8. Let x be y(p). Suppose 8*t - x*t = 28. What is the units digit of t?
7
Let r(x) = 2*x**3 - 6*x**2 - 7*x. Let w(f) = 3*f**3 - 5*f**2 - 6*f. Let g(y) = 6*r(y) - 7*w(y). What is the units digit of g(-1)?
8
Let q(i) = i**3 + 11*i**2 + i - 22. What is the tens digit of q(-9)?
3
Suppose -5*a + 5*v = 515, 7*a + 420 = 3*a - 4*v. Suppose 0 = 5*g + 27 - 7. What is the tens digit of g/(-6) - a/6?
1
What is the tens digit of (-4)/3*846/(-12)?
9
Let h(m) = 3*m**2 + 1. Let u be h(1). Suppose -4*f - 96 = -4*l, -4*l + 64 = 2*f - 56. Suppose -u*p = -20 - l. What is the tens digit of p?
1
Suppose 4*g + 2*r = -3*r + 650, -4*r - 792 = -5*g. What is the hundreds digit of g?
1
Let q(z) = -1 + 4*z + 3*z**3 + 0*z**2 + 3*z - z**2 - 5*z. Let s be q(1). Suppose -4*m - s*x = -24, -5*m - 4*x + 61 = -8*x. What is the units digit of m?
9
Suppose -4*p - 3*t = 2*t - 570, -3*p + 3*t = -441. What is the hundreds digit of p?
1
Let t = -19 + 7. What is the units digit of (-2)/(-6) - 44/t?
4
Suppose 2*h = 4*m - 34, 6*m + 5*h = m + 20. Suppose 2*i + 6 = 2*k + 18, 0 = -3*i + 4*k + 21. Suppose i = -4*t + m*t. What is the units digit of t?
1
Let l be (-1)/(12/(-9) - -1). Suppose 3*n + 0*n - l = 0. Let t = 2 - n. What is the units digit of t?
1
Let d be (-10)/30 + (-25)/(-3). Let s(f) = f**3 - 6*f**2 - 11*f - 5. What is the units digit of s(d)?
5
Let b(m) = -m**3 - 7*m**2 + 7*m - 10. Let z be b(-8). Let y be z/(-5) + 34/(-10). Let a = y + 4. What is the units digit of a?
1
Let u(x) = x + 7. Let v be u(-3). Suppose v*y = -0*y + 4. Suppose p = 4*k - 38, -1 - y = -p. What is the tens digit of k?
1
Let k = 81 - 38. What is the tens digit of k?
4
Suppose 2*o - 167 = -5*d, -5*d + 169 = 2*o + 2*o. Suppose -2*q - 6 = -2*i, -3*q = 2*q + 4*i + d. What is the units digit of ((-4)/q)/((-3)/(-15))?
4
Suppose -20 = -3*b + b. Suppose b*f - 11*f = -45. What is the units digit of f?
5
Let s = 3 - -27. What is the units digit of s?
0
Let m = 104 - 62. What is the units digit of m?
2
Suppose 4 = 3*q - q, 2*w + 3*q = 28. What is the units digit of w?
1
Suppose 5*c = -0*c + 150. What is the units digit of c?
0
Let o(l) = l**3 - l**2 - l - 2. Let t be o(2). Suppose t = 2*x - 4*y - 25 + 113, 5*y = x + 50. Let h = 56 + x. What is the tens digit of h?
1
Let q be ((-26)/5)/((-7)/(-140)). What is the units digit of (-2)/6 + q/(-6)?
7
Let c(g) = 28*g - 1. What is the tens digit of c(1)?
2
Let y(i) = i**3 + 5*i**2 + i + 1. Let v be y(-5). Let t(x) = -2*x - 6. What is the units digit of t(v)?
2
Suppose 0*o = -3*o - 48. Let y = 27 + o. Let a = y - 3. What is the units digit of a?
8
Suppose -46 = -g - 0*g. Let v(o) = o**3 + 4*o**2 - 5*o - 6. Let r be v(3). Suppose -3*q - 4*c = -r, 4*c = -5*q + 16 + g. What is the tens digit of q?
1
Suppose 0 = -16*z + 3416 + 8. What is the units digit of z?
4
Suppose -s = 2*o - 12, -41 = -5*s - 3*o + 40. Suppose 0*j = j - s. What is the units digit of 76/j - 6/27?
4
Suppose -3*v = 2*b - 21, 3*b + 5*v = 30 + 4. Suppose -5*j + r + 7 + 31 = 0, -2*j = -b*r - 10. What is the units digit of j?
8
Suppose -265 = -5*f - 2*i - 3*i, -4*f - 5*i + 216 = 0. What is the units digit of f?
9
Let o(m) = m**2 + 8*m - 9. What is the tens digit of o(4)?
3
Let j = 257 - 179. Let i = j + -50. What is the units digit of i?
8
What is the tens digit of (-1)/3*0 + 42?
4
Let g = 12 - -22. What is the tens digit of g?
3
Let t(u) = -3*u + 4. Let o(i) = 2*i - 5. Let m(w) = 5*o(w) + 4*t(w). Let l be m(-7). Let r = 8 + l. What is the units digit of r?
3
Suppose -7 = d - 23. Let r = d + -8. Let a = 15 - r. What is the units digit of a?
7
Let j(r) = 2*r**2 - 1. Let a be j(-1). What is the units digit of (-7 - (-1)/a)/(-2)?
3
Let w(o) be the third derivative of -o**6/240 + o**5/60 - o**4/12 + o**2. Let h(q) be the second derivative of w(q). What is the units digit of h(-2)?
8
Suppose -15 = 2*x + 3*x. What is the units digit of 196/12 + 1/x?
6
Let b = 69 - 12. What is the tens digit of b?
5
Let f(x) = -x**2 - 9*x + 10. Let k be f(-10). Suppose k = l + 2*l - 21. Suppose 4*t = -s + 28, 5*s - l = t + 70. What is the tens digit of s?
1
Let w(h) = -h + 4. Let a be w(0). Let o(d) = 5*d**2 - d - 8. Let b(j) = -6*j**2 + 2*j + 9. Let k(t) = 6*b(t) + 7*o(t). What is the units digit of k(a)?
2
Suppose 4*h - 3 = 4*k + 5, 2*h - 4*k = 4. Suppose g - h*t = 2*g, -4*g + t = -18. What is the units digit of g?
4
Let z be (3 - 6)/((-3)/(-2)). Let y = 4 + z. Suppose y*o = -0*o + 20. What is the units digit of o?
0
Let h(l) = 6*l + 11. Let r be h(-12). Let c = -22 - r. What is the tens digit of c?
3
Suppose -108 = -2*b + 2*z, 2 = 2*z + 6. What is the units digit of b?
2
Let u(b) = b**3 + b. Let j be u(0). Suppose -3*a + 2*a + 10 = j. What is the tens digit of a?
1
Let f(q) = -q**2 + 4*q + 7. Let b be f(5). What is the tens digit of 3 + -6 + b - -39?
3
Let s be 2*((-135)/(-10))/3. Let z(k) = k**3 + 4*k**2 + 3*k + 4. Let o be z(-3). Suppose 0 = -o*t + 3*f + 27, 30 = 4*t + f - s. What is the units digit of t?
9
Let i(u) = 5*u**2 + 4*u + 1. Suppose 20 = -2*p + 6*p, y + 9 = p. Let v(t) = -14*t**2 - 11*t - 3. Let k(r) = y*v(r) - 11*i(r). What is the units digit of k(-2)?
5
Suppose -38 - 2 = -5*t - 3*j, 2*j = -2*t + 16. What is the units digit of t?
8
Suppose 3*j - 416 = 4*d - 159, j = -5*d + 54. What is the units digit of j?
9
Let u(q) be the second derivative of q**4/12 - 11*q**3/6 + 9*q**2/2 - 3*q. What is the units digit of u(11)?
9
Let v(z) = -z**2 + 4*z. Let j be v(4). What is the units digit of (1 - 2 - j) + 2?
1
Let o be (3/3)/1 + 6. Let u(a) = a**2 - 5*a + 1. Let s be u(4). Let x = o + s. What is the units digit of x?
4
Let w(f) = -f**3 + 2*f**2 + 3*f - 5. Let b(a) = -2*a**3 + 4*a**2 + 7*a - 9. Let m(s) = -3*b(s) + 5*w(s). What is the units digit of m(4)?
0
What is the units digit of 2/(-4 - (-34)/8)?
8
Suppose 0*g + g = 52. Let u = -25 + g. What is the units digit 